emainder when o(-2) is divided by 170.
168
Let f(z) = -25*z - 1367. What is the remainder when (-219 - (-6 - -2))*-1 is divided by f(-55)?
7
What is the remainder when (1 - (-7 + 907))/(15/(-7) - -2) is divided by 47?
42
Let c(h) = 34*h**2 - 5*h + 1. Let j be c(1). Calculate the remainder when 25/j - (-725)/30 is divided by 8.
1
Let h = -734 + 1435. Calculate the remainder when h is divided by 5 + 13/(702/1836).
38
Suppose 0 = -8*k - 23318 + 27438. Calculate the remainder when k is divided by 65.
60
Suppose 0 = -10*j - 26 - 34. Let a(t) = 6*t**2 + 34*t - 2. What is the remainder when a(j) is divided by 4?
2
Suppose -3*b = -6, x + 0*b = 2*b + 356. Suppose -135*m + 145*m = x. What is the remainder when m is divided by 15?
6
Let f(k) = k**3 + 19*k**2 + 18*k + 36. Suppose -20*m - 102 = -14*m. Calculate the remainder when f(m) is divided by 31.
29
Suppose -35*h + 4*c = -39*h + 13696, 2*h - 4*c = 6860. What is the remainder when h is divided by 11?
5
Suppose 19*u - 30 = 46. Suppose -i - u*m = -23, 0*m - 31 = -i - 2*m. Calculate the remainder when i is divided by 38.
1
Let s(t) = -337*t**3 + 2*t**2 - 5*t + 1. Calculate the remainder when s(-2) is divided by 97.
96
Let k(o) = -o - 21. Let z be k(-32). Suppose 9*v = -2*p + z*v + 14, -4*p + 18 = v. What is the remainder when 13 is divided by p?
3
Let t(c) = 32*c - 8. Let v(u) = -u**3 - 4*u**2 + 17*u - 13. Let y be v(-8). Let p = y - 57. Calculate the remainder when t(8) is divided by p.
48
Let g(i) = 3*i**2 - 4*i - 42. Let s be g(7). Calculate the remainder when 150 is divided by (-44)/s + (-2 - 81/(-7)).
6
Suppose 6 = -128*w + 130*w. Suppose n - w*n - 168 = -5*p, -4*n + 144 = 5*p. Calculate the remainder when p is divided by 11.
10
Suppose 0 = -25*p + 135 + 40. What is the remainder when 6 is divided by p + 0 + 4 + -7?
2
Suppose 5*t - 7*o - 174 = -6*o, -4*t = -2*o - 138. What is the remainder when 207 is divided by t?
32
Let b = -7998 + 7998. Let i = -5 + 9. Suppose -7*a + 302 = -i*a + 5*r, 2*a - 5*r - 168 = b. What is the remainder when a is divided by 25?
19
Suppose 15*j - 7*j + 120 = 0. What is the remainder when (-864)/j + 16/40 is divided by 33?
25
Let x = 100 + -43. Let a = x + -47. Suppose -16 = 6*p - a*p. What is the remainder when 34 is divided by p?
2
Suppose -76*n + 1420 + 1392 = 0. Let o(a) = 9*a - 7. What is the remainder when n is divided by o(3)?
17
Let r(o) = -o**3 - 37*o**2 + 78*o + 3. Let x = 52 + -25. Suppose x = 3*k + 9. Calculate the remainder when k is divided by r(-39).
0
Suppose 3*l + 105 = 4*b, 3*b = -4*l - 14 + 74. Let f = -1568 + 1624. What is the remainder when f is divided by b?
8
Let a(q) = -q**2 - 18*q - 20. Let v be a(-5). Suppose 2*n + 2*d = n + 24, -3*d - v = -3*n. Calculate the remainder when 36 is divided by n.
0
Let z(p) = p**2 + 5*p + 6. Let b be z(-3). Suppose -15*f + 53*f - 1292 = b. What is the remainder when f is divided by 1/((-1)/(-13 + 1))?
10
Let u(f) = 126*f**2 - 17*f - 157. What is the remainder when u(-7) is divided by 33?
31
Let o be 2/6*(-14 - 3)*-3. Let h = 50 - o. What is the remainder when h is divided by 18?
15
Suppose 5*m - 271 = -19*c + 295, 3*m - 154 = -5*c. What is the remainder when 141 is divided by c?
25
Let t be (-10)/55 - 8368/(-44). Let y = 421 - t. Calculate the remainder when y is divided by 47.
43
What is the remainder when (1008/(-30) + -3)*-25 is divided by 46?
41
Suppose 5*z - 3480 = -5*a, z + 698 = 20*a - 19*a. Calculate the remainder when a is divided by 141.
133
Let f = 130 - 66. Let y be (-143)/78 + (-1 - 5/(-6)). What is the remainder when f is divided by (26*(y - -1))/(8/(-4))?
12
Suppose -3 = -4*x + 5. Let y(n) = 11*n - 1. Suppose -2*c = -4*m + 80, 20 = -m - c + 34. What is the remainder when y(x) is divided by m?
3
Let z(m) = m**3 + 7*m**2 + 81*m + 287. Calculate the remainder when 536 is divided by z(-4).
8
Let j(w) = 67*w + 1. Let l be j(3). Let r = -133 + l. Calculate the remainder when 206 is divided by r.
68
Let d(o) = o - 19. Let j be d(24). Suppose -j*t = -66 + 6. Let s = -308 + 438. Calculate the remainder when s is divided by t.
10
Let x(y) = -78*y**3 + 6*y**2 + 11*y + 52. Calculate the remainder when x(-5) is divided by 60.
57
Suppose 2*v - 214 = -2*s, -v = -4*s - 79 + 502. Let b be 4/(s/26 - 4). Suppose 4*l = 96 + b. Calculate the remainder when l is divided by 13.
11
Suppose -i - 14 = -h, 0 = 3*h - 25*i + 23*i - 47. Suppose 0 = -o + 222 - 34. Calculate the remainder when o is divided by h.
17
What is the remainder when 93 is divided by ((-370)/4)/(295/(-118))?
19
Suppose 54*f - 111*f = -24*f - 1419. Calculate the remainder when 1332 is divided by f.
42
Let b = 43 - 20. Suppose -38*k + 35*k - 443 = -8*x, -2*k - 218 = -4*x. What is the remainder when x is divided by b?
12
Let s be 1781 + (3 - 0) + -2. Suppose 29*q - 27*q = s. Suppose -3*l + q = 2*l - d, 1 = -d. Calculate the remainder when l is divided by 36.
34
Let i be -4 + (4*10)/2. Suppose i - 14 = 2*r. Suppose -2*d - 3*f = -13, 4*f + 21 - r = 0. What is the remainder when 54 is divided by d?
12
Let v(r) = 16*r - 193. Let k be v(11). What is the remainder when 551 is divided by ((-8)/5)/(k/255)?
23
Suppose -2 = -2*g + 5*x, g = 2*g + 4*x + 12. What is the remainder when (12 - 7)/5 - g/1 is divided by 2?
1
Let g = 12471 + -12453. What is the remainder when 69 is divided by g?
15
Let p(u) = 58*u + 1408. What is the remainder when 1136 is divided by p(-21)?
186
Suppose -3*i + 5*m + 23 + 99 = 0, -5*m = -10. What is the remainder when 5103 is divided by i?
43
Let a be (-78)/(-22) - 30/55. Suppose -a*q + 87 = -3*r, 0 = -13*q + 10*q - 3*r + 81. Calculate the remainder when q is divided by 1/1*9 + -1.
4
Let s(n) = -3*n - 65. Let h be s(-21). Let m(f) = -3*f**3 - 2*f**2 + 3*f + 10. Calculate the remainder when 57 is divided by m(h).
17
Let h = 40 + -10. Suppose -675 = -55*j - 15. Calculate the remainder when h is divided by j.
6
Let o = -528 + 258. Let m = o + 514. Let v = -152 + m. Calculate the remainder when v is divided by 47.
45
Suppose -185 = -9*h + 4*h - 4*m, -4*m - 37 = -h. Calculate the remainder when 94 is divided by h.
20
Suppose 2087*j - 2085*j = 44. What is the remainder when 805 is divided by j?
13
Let z = -330 - 308. Let a = 663 + z. What is the remainder when 66 is divided by a?
16
Let n = -141 - -199. Suppose -n*l - 30 = -60*l. Suppose 9*p - 220 = 4*p. What is the remainder when p is divided by l?
14
Let n = 24859 - 24633. What is the remainder when 677 is divided by n?
225
Let a(n) = -7*n - 90. Let u be a(-12). Let r(i) = -41*i - 228. What is the remainder when r(u) is divided by 18?
0
Let x = 579 - 559. Suppose k + 4*b - 72 = 0, 2*k + 18*b = x*b + 124. Calculate the remainder when k is divided by 31.
2
Suppose 3*k - 459 = -4*l, 58*k + 191 = 59*k - 5*l. What is the remainder when 310 is divided by k?
149
Suppose -13353*s = -13377*s + 569 + 247. Suppose 5 = -2*c + 4*p - 9*p, 2*p + 2 = c. Suppose 7*j - 3*j - 532 = c. What is the remainder when j is divided by s?
31
Suppose 0 = -19*v + 26*v - 2*p - 147, 3*v - 5*p = 63. Calculate the remainder when 62 is divided by v.
20
Suppose 0 = 3*v + 6, -v = -5*z + v + 4239. Let d(o) = -4*o**2 - 1036*o + 16490. Calculate the remainder when z is divided by d(-274).
47
Suppose 3*k - 4336 = -2233. What is the remainder when k is divided by 27?
26
Let f(u) = -2*u - 66. Let v(s) = 4*s + 65. Let o(r) = -6*f(r) - 5*v(r). Calculate the remainder when o(0) is divided by 27.
17
Let p = 2892 + -2863. Suppose -5*o + o = 0. Suppose n = -2*y + 82, o = 2*n + n - 3*y - 264. What is the remainder when n is divided by p?
28
Suppose 0 = 212*l - 233*l + 3066. What is the remainder when l is divided by 15?
11
Suppose -3*x - 3*g = -15, -g + 2 - 1 = 0. Suppose -2*k + p + 40 = -4*p, x*p = k - 26. What is the remainder when 35 is divided by (395/6)/5 - k/60?
9
Let a(i) = 713*i**2 - 97*i - 278. Calculate the remainder when a(-4) is divided by 72.
70
Let q(j) = 6*j - 3*j + 2*j - 6*j + 6. Let y be q(2). Suppose 0 = -y*o, -5*h - 2*o + 28 = -32. Calculate the remainder when 45 is divided by h.
9
Let a(n) = -n**3 + 10*n**2 + 12*n + 246. Calculate the remainder when a(11) is divided by 69.
50
Let u = -26 - -28. Suppose u - 7 = -h. Calculate the remainder when 16 is divided by h.
1
Suppose -51282 = -173*c + 107*c. What is the remainder when c is 